241 = -4*o. What is the units digit of o?
4
Let z = -39 - -57. What is the units digit of z?
8
Let j(i) = -5*i - 5. What is the tens digit of j(-12)?
5
What is the units digit of -5 + 5 + 5*6?
0
Let l be (-243)/6*4/(-2). Suppose 3*a + 15 = l. What is the tens digit of a?
2
Let j = 586 - 313. What is the tens digit of j?
7
Let d(t) = -t - 12. Let i be d(-12). What is the units digit of -1 + 3 - (1 + i)?
1
Let v be ((-2)/6)/((-3)/9). Suppose 4 = i + v. What is the units digit of i?
3
Suppose 0 = 5*f - 556 - 89. What is the units digit of f?
9
Suppose 3*h + 2*h + 15 = 0. What is the units digit of ((-36)/(-16))/(h/(-32))?
4
Let b(i) = 9*i - 4. What is the tens digit of b(8)?
6
Suppose 38*m - 1044 = 29*m. What is the units digit of m?
6
Let t be (-3)/(-21) + (-26)/(-14). Suppose -p + 13 = -3*b, -5*p - t*b = -b - 129. What is the units digit of p?
5
Let g = 7 - 4. Suppose g*l - 4*x = 7*l - 92, 0 = -5*l - 2*x + 103. What is the units digit of l?
9
Let l be (-202)/6 + 22/33. What is the units digit of 193/7 + l/(-77)?
8
Suppose 3 = 5*k - 3*j, -5*k + 4*j - 6*j = -23. Let z = k - 0. What is the units digit of z*2 - (-4 + 1)?
9
Let a = -1 + 5. Let f be 77/21 - a/6. Suppose 4*y - 2*o - 18 = 3*y, 0 = -f*o - 3. What is the tens digit of y?
1
Let h(u) = 26*u - 12. Let s(b) = -9*b + 4. Let k(d) = -6*h(d) - 17*s(d). What is the tens digit of k(-4)?
1
Let z = 7 - 7. Suppose -2*u + 2 - 16 = z. Let w = u + 9. What is the units digit of w?
2
Let q(s) = 10*s**2 - 2*s - 2. What is the tens digit of q(2)?
3
Suppose 10 = -4*h + 2. Let x = h - -6. Suppose -x - 3 = -s. What is the units digit of s?
7
Let c(h) = 2*h + 2. Suppose 0 = 3*w + 2*w - 25. What is the tens digit of c(w)?
1
Let z(a) = a**2 - 7*a + 5. Let j be z(5). What is the units digit of (30/(-8))/j*12?
9
Suppose -40 = -3*k - 2*k. Suppose 2*m + 23 = -a - k, 49 = -3*m - 4*a. Let c = -9 - m. What is the units digit of c?
6
Let q(c) = -c + 8. Let l = -6 + 13. What is the units digit of q(l)?
1
Let h(g) = g - 3. Let j be h(4). Let t = -1 + j. Suppose -4*p - 3*l + 3 = t, -3*p + 0 = l - 6. What is the units digit of p?
3
Suppose 2*r + 3*r = 170. What is the tens digit of r?
3
Let v = 17 - -1. What is the tens digit of v?
1
Let g(k) = -k**3 + 7*k**2 + 8*k - 12. Let h be g(8). Let m = h - -22. What is the tens digit of m?
1
Suppose -u - 23 = -86. Suppose -u = 6*j - 3*j. What is the units digit of -1 - (-2)/((-6)/j)?
6
Let j(y) = y - 11. Let l be j(6). What is the units digit of 24/2 - (l + 3)?
4
Let j(u) = u**2 + 5*u. Let s be j(-6). Suppose -2*o = -2*p - 2, 4*o = 2*o + p - 1. What is the units digit of ((-4)/s)/(o/9)?
3
Let p(f) = f**2 + f - 13. What is the tens digit of p(-10)?
7
Let w be (-42)/(-9) - (-4)/(-6). Suppose 5*x - 6 = w. Suppose 5*h = x*m + 14, -h - 4*h = -3*m - 16. What is the units digit of h?
2
Suppose -5*t = t - 252. What is the units digit of t?
2
Let f(a) = -9 - a**2 + 0*a + 5*a + a + 2*a**2. Suppose -o - 16 = o. What is the units digit of f(o)?
7
Let n = 5 - 3. Suppose 0 = 2*v + n, 0 = 4*z + 4*v - 5*v - 61. Let h = z + 0. What is the units digit of h?
5
Suppose -c = -p - 4*p + 11, -p + 4 = 0. What is the units digit of c?
9
Let h(i) be the second derivative of -i**5/20 - i**4/6 + i**3/6 - 5*i**2/2 + 5*i. What is the units digit of h(-4)?
3
Suppose 0 = -2*v + 6 + 4. Suppose 5*p + v - 65 = 0. What is the units digit of p?
2
Let m be (4/(-8))/(2/(-8)). Suppose 5*z - 33 + 3 = -m*d, 3*d - z = 11. What is the units digit of d?
5
Suppose 2*q = q + 4. Let w = q - 4. Suppose 6*h - 2*h = -5*b + 50, -h = w. What is the units digit of b?
0
Suppose 6*g - 25 = -2*p + g, -p + 5*g = 10. Suppose 0 = -p*l + 2 + 113. What is the units digit of l?
3
Let b be (7 - 15)*2/4. Let d(z) = z**2 - 3*z - 5. What is the units digit of d(b)?
3
Let j be 0*(1 + -3 + 3). Suppose n + 4*u - 21 = j, -7*n + 42 = -3*n - 5*u. What is the tens digit of n?
1
Suppose 0*n = 4*n - 8. Suppose -n*g + 35 = 3. What is the tens digit of g?
1
Let i(n) = -n**3 + 8*n**2 - 9*n - 1. What is the tens digit of i(4)?
2
Suppose k = p - 5*p + 17, 13 = 2*p + 5*k. Suppose -q + 1 = -p. Suppose -1 = a - q. What is the units digit of a?
4
Let n = -9 + 5. Let p(u) = -u + 3. What is the units digit of p(n)?
7
Suppose -5 = -2*b - z, 0 = 4*b + 4*z - 0*z - 12. Suppose -4*i + b*i + 4*v + 6 = 0, 2*i = 2*v + 10. What is the units digit of i?
7
Suppose -273 = 6*g - 9*g. What is the units digit of g?
1
What is the units digit of (-6)/(-48)*-4*(0 - 98)?
9
Let q(o) = -11*o - 1. Let g(w) = 21*w + 2. Let m(d) = -6*g(d) - 11*q(d). Let p be m(1). What is the units digit of (-52)/p - 3/(-9)?
9
Let g(i) = 6*i**3 - i + 4. Suppose -3*p = 3*z - 0 - 12, 0 = 4*p - 8. What is the tens digit of g(z)?
5
Suppose q + v = 43, v + 101 = 2*q - 0*v. Suppose -5*k = -k - q. What is the units digit of k?
2
Suppose -2*o + 3*p = 11, 2*o - 4*o - 1 = -p. Suppose 3*c - 4*r - 44 = 45, 0 = o*c + 5*r - 21. What is the tens digit of c?
2
Let k(d) = -7*d**3 + 2*d - 1. Let c be k(1). Let x be ((-60)/25)/(c/(-20)). What is the units digit of (-34)/x - (-4)/(-16)?
4
Suppose 5*b - 1015 = -2*d + 5*d, 4*b - d = 812. What is the tens digit of b?
0
Let y(r) = 9*r**2 + 2. What is the units digit of y(2)?
8
Suppose 0 = c - 33 + 1. What is the units digit of c?
2
Suppose -12 = -0*p + 4*p. Let x be (-2)/p + 1010/15. Suppose -4*s + 79 = -3*o, -o - 3*o = -3*s + x. What is the tens digit of s?
1
Let x = -52 - -88. Let y be 20/9 - 8/x. Suppose -y*f = -16 - 10. What is the tens digit of f?
1
Let p = 171 - 27. What is the tens digit of p?
4
Suppose 6 = 3*m - 15. Let t(u) = -5*u + 3 + 4 + 6*u. What is the tens digit of t(m)?
1
Let w be (-8)/6*9/6. Let a(y) = -y**2 - 2*y + 1. What is the units digit of a(w)?
1
Suppose -4*z = k - 2*z - 2, 2*k + z - 7 = 0. Suppose 3*q + 1 = k. What is the units digit of q?
1
Suppose 4*p - 508 = -4*f, -f = -2*f + 5*p + 145. What is the hundreds digit of f?
1
Let z(x) = -x**2 - 7*x. Let m be z(-7). What is the units digit of (m - 1)/(0 - 1)?
1
Suppose -7*q + 299 + 135 = 0. What is the tens digit of q?
6
Let y be 1/(-1 - (-4)/3). Suppose -m - 28 = -r + 3*m, 0 = -y*r - 4*m + 68. Suppose -3*q + r = q. What is the units digit of q?
6
Let x be (13/2)/((-3)/(-18)). Suppose -2*k = k + x. Let i = 21 + k. What is the units digit of i?
8
Suppose -3*n = -4*p - 36, -3*n - n = -4*p - 48. Suppose 2 = 2*y - n. What is the units digit of y?
7
Let z = 56 + -33. What is the units digit of z?
3
Let q(p) = -3*p - 6. Let u be q(-4). Let j(i) = i - 1. What is the units digit of j(u)?
5
Suppose 0 = 4*u + 8, 3*g + 3*u = -40 + 184. What is the tens digit of g?
5
Let j(l) = l - 7. Let f be j(9). Suppose 0 = -3*p + 5*p + 6, -f*q + p + 5 = 0. What is the units digit of q?
1
Let d be ((-1)/(-2))/((-3)/(-72)). What is the units digit of 3/(-1)*(-116)/d?
9
Let r(a) = -a**3 + 6*a**2 + 3. Let f be r(6). What is the units digit of f*4 - (3 - 5)?
4
Let y(c) = -c**2 + 2*c + 1. Suppose 6*l - 5*l = 2. Let k be y(l). Let p(g) = 12*g**3 - 2*g**2 + 1. What is the tens digit of p(k)?
1
Let s = -399 - -562. What is the units digit of s?
3
Let m be (-3)/6 - 50/(-4). Suppose 0 = -3*z - 0*z + 4*f - 12, -5*z + 4*f = m. Let t = z - -4. What is the units digit of t?
4
Suppose 0 = 2*b - 39 - 73. Suppose -b = -5*i + 5*m + 54, -2*i + 4*m = -52. What is the tens digit of i?
1
Let r(v) = -v**3 - v**2 - 2*v + 84. What is the units digit of r(0)?
4
Suppose 2*o + 20 = m + 90, 5*m - 46 = -o. Suppose 0 = -3*n - n + o. What is the units digit of n?
9
Let d be 2 + (2 - -1)*1. Suppose -d*r = -r - f - 163, -2*f + 10 = 0. What is the units digit of r?
2
Let l(d) = d**2 - d + 6. Suppose 0 = 4*g + 4*y, -g = 2*g - 3*y. Suppose 2*n = -g*n. What is the units digit of l(n)?
6
Let s be (6/7)/(11/231). Suppose 0*j - s = -j. What is the units digit of j?
8
Suppose 3*x = 6*x - 18. What is the units digit of x?
6
Let a = 34 - 6. What is the tens digit of a?
2
Let l = 1 - 1. Suppose 4*c + 32 = 3*d, l = 4*d - 0*d + 2*c - 6. Suppose 5*y - 16 = -z, -z - d + 12 = 3*y. What is the units digit of y?
4
Let t = -4 + 1. What is the units digit of 2/(-2)*(t + -4)?
7
Suppose 3*m = 3*k + 75, 4*k = 5*m - 118 - 10. What is the tens digit of m?
2
Suppose 0 = j + 1 - 3. Suppose 0 = -j*m + 10, 13 = -i + 4*m - 7. Suppose w - 2*w + 1 = i. What is the units digit of w?
1
Suppose 5*c